{"id":741,"date":"2021-07-27T08:43:35","date_gmt":"2021-07-27T06:43:35","guid":{"rendered":"http:\/\/uvzrt.hu\/?page_id=741"},"modified":"2024-03-04T13:59:45","modified_gmt":"2024-03-04T11:59:45","slug":"idopontfoglalas-lemondasa-sikertelen","status":"publish","type":"page","link":"https:\/\/uvzrt.hu\/index.php\/idopontfoglalas-lemondasa-sikertelen\/","title":{"rendered":"Id\u0151pontfoglal\u00e1s lemond\u00e1sa sikertelen"},"content":{"rendered":"<!--noptimize-->\n        <script type=\"text\/javascript\">\n         var cp_hourbk_cancel_label = 'M\u00e9gse';\n         var cp_hourbk_quantity_label = 'Mennyis\u00e9g';\n         var message_ffile_accept = 'Please upload a valid file type';         \n         var cp_hourbk_message_ffile_size = 'File size exceeds limit';\n         var cp_hourbk_cost_label = 'K\u00f6lts\u00e9g';\n         var cp_hourbk_overlapping_label = 'A kiv\u00e1lasztott id\u0151pont m\u00e1r nem el\u00e9rhet\u0151. K\u00e9rem v\u00e1lasszon egy m\u00e1sik id\u0151pontot.';\n         var cp_hourbk_nomore_label = 'Nincs t\u00f6bb el\u00e9rhet\u0151 hely';\n         var cp_hourbk_preselect = '';\n         var cp_hourbk_cmpublic = true;\n         var cp_hourbk_avoid_overlapping = 0;         var apphboverbooking_handler0 = false;\n         function cp_appbooking_pform_doValidate_1(form)\n         {\n            $dexQuery = jQuery.noConflict();\n            try { document.cp_appbooking_pform_1.cp_ref_page.value = document.location; } catch (e) {}\n            $dexQuery = jQuery.noConflict();            if (!apphboverbooking_handler0) {\n            if (document.cp_appbooking_pform_1.hdcaptcha_cp_appbooking_post.value == '') { setTimeout( \"cp_appbooking_cerror_1()\", 100); return false; }\n            var result = $dexQuery.ajax({ type: \"GET\", url: \"https:\/\/uvzrt.hu\/?ps=_1&cp_appbooking_pform_process=2&cp_appbooking_id=1&inAdmin=1&ps=_1&hdcaptcha_cp_appbooking_post=\"+document.cp_appbooking_pform_1.hdcaptcha_cp_appbooking_post.value, async: false }).responseText;\n            }\n            if (!apphboverbooking_handler0 && result.indexOf(\"captchafailed\") != -1) {\n                $dexQuery(\"#captchaimg_1\").attr('src', $dexQuery(\"#captchaimg_1\").attr('src')+'&'+Math.floor((Math.random() * 99999) + 1));\n                setTimeout( \"cp_appbooking_cerror_1()\", 100);\n                return false;\n            } else             {\n                var cpefb_error = 0;\n                $dexQuery(\"#cp_appbooking_pform_1\").find(\".cpefb_error\").each(function(index){\n                    if ($dexQuery(this).css(\"display\")!=\"none\")\n                        cpefb_error++;    \n                    });\n                if (cpefb_error==0)\n                {if (!apphboverbooking_handler0)\n                    {\n                        apphbblink_1(\".pbSubmit:visible\");\n                        $dexQuery(\"#cp_appbooking_pform_1\").find(\".avoid_overlapping_before\").not(\".ignore,.ignorepb\").removeClass(\"avoid_overlapping_before\").removeClass(\"valid\").addClass(\"avoid_overlapping\");\n                        cp_hourbk_avoid_overlapping = 1;\n                        try {\n                            $dexQuery(\"#cp_appbooking_pform_1\").find(\".avoid_overlapping\").valid();\n                        } catch (e) { cp_hourbk_avoid_overlapping = 0; }\n                        function check_cp_hourbk_avoid_overlapping(){\n\t\t                    if (cp_hourbk_avoid_overlapping>0)\n\t\t                        setTimeout(check_cp_hourbk_avoid_overlapping,100);\n\t\t                    else\n\t\t                    {\n                                var cpefb_error = 0;\n                                $dexQuery(\"#cp_appbooking_pform_1\").find(\".cpefb_error\").each(function(index){\n                                    if ($dexQuery(this).css(\"display\")!=\"none\")\n                                        cpefb_error++;    \n                                    });\n                                if (cpefb_error==0)    \n                                {\n                                    apphboverbooking_handler0 = true;\n                                    if (cp_appbooking_pform_doValidate_1(form))\n                                        document.getElementById(\"cp_appbooking_pform_1\").submit();\n                                }\n\t\t                    }  \n\t\t                }\n\t\t                check_cp_hourbk_avoid_overlapping();\n                        return false;\n                    }                    \n\t        \t\t$dexQuery(\"#cp_appbooking_pform_1\").find( '.ignore' ).closest( '.fields' ).remove();\n\t        \t}\n                if (cpefb_error) return false;\n\t        \tdocument.getElementById(\"form_structure_1\").value = '';    \n\t        \tdocument.getElementById(\"refpage_1\").value = document.location;    \n                try { if (document.cp_appbooking_pform_1.cp_appbooking_pform_status.value != '0')\n                return false; } catch (e) {}\n                apphbblink_1(\".pbSubmit:visible\");\n                try { document.cp_appbooking_pform_1.cp_appbooking_pform_status.value = '1';\t } catch (e) {}\n                $dexQuery(document).trigger(\"beforeOnSubmitAhb\",{id:\"cp_appbooking_pform_1\"});\n                return true;\n            }  \n         }\n         function apphbblink_1(selector){\n             try {   \n                 $dexQuery = jQuery.noConflict();\n                 $dexQuery(selector).fadeOut(1000, function(){\n                     $dexQuery(this).fadeIn(1000, function(){\n                             try {                     \n                                 if (document.cp_appbooking_pform_1.cp_appbooking_pform_status.value != '0')\n                                     apphbblink_1(this);                                  \n                             } catch (e) {}  \n                     });\n                 });             \n             } catch (e) {}                 \n         }         \n         function cp_appbooking_cerror_1(){$dexQuery = jQuery.noConflict();$dexQuery(\"#hdcaptcha_error_1\").css('top',$dexQuery(\"#hdcaptcha_cp_appbooking_post_1\").outerHeight());$dexQuery(\"#hdcaptcha_error_1\").css(\"display\",\"inline\");}\n        <\/script><!--\/noptimize-->\n        <link href=\"https:\/\/uvzrt.hu\/wp-content\/plugins\/appointment-hour-booking\/templates\/04\/style.css\" type=\"text\/css\" rel=\"stylesheet\" \/><form autocomplete=\"off\" class=\"cpp_form\" name=\"cp_appbooking_pform_1\" id=\"cp_appbooking_pform_1\" action=\"\" method=\"post\" enctype=\"multipart\/form-data\" onsubmit=\"return cp_appbooking_pform_doValidate_1(this);\"><input type=\"hidden\" name=\"cp_pform_psequence\" value=\"_1\" \/><input type=\"hidden\" name=\"cp_appbooking_pform_process\" value=\"1\" \/><input type=\"hidden\" name=\"cp_appbooking_id\" value=\"1\" \/><input type=\"hidden\" name=\"cp_ref_page\" value=\"\" \/><input type=\"hidden\" name=\"form_structure_1\" id=\"form_structure_1\" size=\"180\" value=\"[[{&quot;form_identifier&quot;:&quot;&quot;,&quot;name&quot;:&quot;fieldname7&quot;,&quot;shortlabel&quot;:&quot;K\\u00e9rem v\\u00e1lassza ki, hogy \\u00d6n m\\u00e1r \\u00fcgyfel\\u00fcnik-e?&quot;,&quot;index&quot;:0,&quot;ftype&quot;:&quot;fradio&quot;,&quot;userhelp&quot;:&quot;&quot;,&quot;userhelpTooltip&quot;:true,&quot;csslayout&quot;:&quot;&quot;,&quot;title&quot;:&quot;\\u00d6n m\\u00e1r \\u00fcgyfel\\u00fcnk?&quot;,&quot;layout&quot;:&quot;one_column&quot;,&quot;required&quot;:true,&quot;choiceSelected&quot;:&quot;&quot;,&quot;showDep&quot;:true,&quot;choices&quot;:[&quot;igen&quot;,&quot;nem&quot;],&quot;choicesVal&quot;:[&quot;igen&quot;,&quot;nem&quot;],&quot;choicesDep&quot;:[[&quot;fieldname4&quot;],[]],&quot;fBuild&quot;:{}},{&quot;form_identifier&quot;:&quot;&quot;,&quot;name&quot;:&quot;fieldname4&quot;,&quot;shortlabel&quot;:&quot;K\\u00e9rj\\u00fck adja meg b\\u00e9rl\\u0151 azonos\\u00edt\\u00f3j\\u00e1t&quot;,&quot;index&quot;:1,&quot;ftype&quot;:&quot;ftext&quot;,&quot;userhelp&quot;:&quot;K\\u00e9rj\\u00fck adja meg b\\u00e9rl\\u0151 azonos\\u00edt\\u00f3j\\u00e1t (sz\\u00e1ml\\u00e1ja jobb fels\\u0151 sark\\u00e1ban megtal\\u00e1lhat\\u00f3 azonos\\u00edt\\u00f3)&quot;,&quot;userhelpTooltip&quot;:true,&quot;csslayout&quot;:&quot;&quot;,&quot;title&quot;:&quot;B\\u00e9rl\\u0151 azonos\\u00edt\\u00f3&quot;,&quot;predefined&quot;:&quot;M0001234&quot;,&quot;predefinedClick&quot;:true,&quot;required&quot;:true,&quot;size&quot;:&quot;medium&quot;,&quot;minlength&quot;:&quot;&quot;,&quot;maxlength&quot;:&quot;&quot;,&quot;equalTo&quot;:&quot;&quot;,&quot;fBuild&quot;:{}},{&quot;form_identifier&quot;:&quot;&quot;,&quot;name&quot;:&quot;fieldname12&quot;,&quot;shortlabel&quot;:&quot;&quot;,&quot;index&quot;:2,&quot;ftype&quot;:&quot;ftext&quot;,&quot;userhelp&quot;:&quot;K\\u00e9rem adja meg a nev\\u00e9t&quot;,&quot;userhelpTooltip&quot;:true,&quot;csslayout&quot;:&quot;&quot;,&quot;title&quot;:&quot;N\\u00e9v&quot;,&quot;predefined&quot;:&quot;&quot;,&quot;predefinedClick&quot;:false,&quot;required&quot;:true,&quot;size&quot;:&quot;medium&quot;,&quot;minlength&quot;:&quot;2&quot;,&quot;maxlength&quot;:&quot;150&quot;,&quot;equalTo&quot;:&quot;&quot;,&quot;fBuild&quot;:{}},{&quot;form_identifier&quot;:&quot;&quot;,&quot;name&quot;:&quot;fieldname5&quot;,&quot;shortlabel&quot;:&quot;K\\u00e9rj\\u00fck adja meg e-mail c\\u00edm\\u00e9t&quot;,&quot;index&quot;:3,&quot;ftype&quot;:&quot;femail&quot;,&quot;userhelp&quot;:&quot;K\\u00e9rj\\u00fck adja meg e-mail c\\u00edm\\u00e9t melyen el\\u00e9rhetj\\u00fck&quot;,&quot;userhelpTooltip&quot;:true,&quot;csslayout&quot;:&quot;&quot;,&quot;title&quot;:&quot;Email c\\u00edm&quot;,&quot;predefined&quot;:&quot;&quot;,&quot;predefinedClick&quot;:false,&quot;required&quot;:true,&quot;size&quot;:&quot;medium&quot;,&quot;equalTo&quot;:&quot;&quot;,&quot;fBuild&quot;:{}},{&quot;form_identifier&quot;:&quot;&quot;,&quot;name&quot;:&quot;fieldname6&quot;,&quot;shortlabel&quot;:&quot;&quot;,&quot;index&quot;:4,&quot;ftype&quot;:&quot;fPhone&quot;,&quot;userhelp&quot;:&quot;&quot;,&quot;userhelpTooltip&quot;:true,&quot;csslayout&quot;:&quot;&quot;,&quot;title&quot;:&quot;Telefonsz\\u00e1m&quot;,&quot;required&quot;:true,&quot;readonly&quot;:false,&quot;dformat&quot;:&quot;+36 ## ### ####&quot;,&quot;predefined&quot;:&quot;+36&quot;,&quot;predefinedClick&quot;:false,&quot;fBuild&quot;:{}},{&quot;form_identifier&quot;:&quot;&quot;,&quot;name&quot;:&quot;fieldname11&quot;,&quot;shortlabel&quot;:&quot;K\\u00e9rj\\u00fck v\\u00e1lassza ki az ig\\u00e9nyel szolg\\u00e1ltat\\u00e1st.&quot;,&quot;index&quot;:5,&quot;ftype&quot;:&quot;fdropdown&quot;,&quot;userhelp&quot;:&quot;K\\u00e9rj\\u00fck v\\u00e1lassza ki az ig\\u00e9nyel szolg\\u00e1ltat\\u00e1st.&quot;,&quot;userhelpTooltip&quot;:true,&quot;csslayout&quot;:&quot;&quot;,&quot;title&quot;:&quot;Szolg\\u00e1ltat\\u00e1s&quot;,&quot;size&quot;:&quot;medium&quot;,&quot;required&quot;:true,&quot;choiceSelected&quot;:&quot;&quot;,&quot;showDep&quot;:true,&quot;choices&quot;:[&quot;Sz\\u00e1mlabefizet\\u00e9s&quot;,&quot;Sz\\u00e1mlabefizet\\u00e9s - Null\\u00e1s igazol\\u00e1s k\\u00e9r\\u00e9s&quot;,&quot;Sz\\u00e1mlabefizet\\u00e9s - Tartoz\\u00e1s igazol\\u00e1s ig\\u00e9nyl\\u00e9se&quot;,&quot;Foly\\u0151sz\\u00e1mla egyeztet\\u00e9s&quot;,&quot;R\\u00e9szletfizet\\u00e9ssel kapcsolatos \\u00fcgyint\\u00e9z\\u00e9s&quot;,&quot;Szerz\\u0151d\\u00e9s hosszabb\\u00edt\\u00e1ssal kapcsolatos \\u00fcgyint\\u00e9z\\u00e9s&quot;,&quot;Megv\\u00e1s\\u00e1rolt lak\\u00e1s v\\u00e9gt\\u00f6rleszt\\u00e9se&quot;,&quot;K\\u00f6zm\\u0171\\u00e1t\\u00edr\\u00e1s\\u00e1val kapcsolatban, tulajdonosi hozz\\u00e1j\\u00e1rul\\u00e1s, tulajdonilap ig\\u00e9nyl\\u00e9se&quot;,&quot;K\\u00e1resem\\u00e9nnyel kapcsolatos, lemond\\u00f3 nyilatkozat k\\u00e9r\\u00e9se&quot;,&quot;V\\u00e9grehajt\\u00e1ssal kapcsolatos \\u00fcgyint\\u00e9z\\u00e9s&quot;,&quot;Haj\\u00f3t\\u00e1rol\\u00e1s \\u00e9s Cs\\u00f3nakh\\u00e1z haszn\\u00e1lat&quot;,&quot;Aktu\\u00e1lis p\\u00e1ly\\u00e1zatok megv\\u00e1s\\u00e1rl\\u00e1sa&quot;,&quot;Tarzan park \\u2013 aj\\u00e1nd\\u00e9k utalv\\u00e1ny v\\u00e1s\\u00e1rl\\u00e1sa&quot;,&quot;\\u00dcd\\u00fcl\\u00e9s befizet\\u00e9s&quot;,&quot;Egy\\u00e9b \\u00fcgyint\\u00e9z\\u00e9s&quot;],&quot;choicesVal&quot;:[&quot;Sz\\u00e1mlabefizet\\u00e9s&quot;,&quot;Sz\\u00e1mlabefizet\\u00e9s - Null\\u00e1s igazol\\u00e1s k\\u00e9r\\u00e9s&quot;,&quot;Sz\\u00e1mlabefizet\\u00e9s - Tartoz\\u00e1s igazol\\u00e1s ig\\u00e9nyl\\u00e9se&quot;,&quot;Foly\\u0151sz\\u00e1mla egyeztet\\u00e9s&quot;,&quot;R\\u00e9szletfizet\\u00e9ssel kapcsolatos \\u00fcgyint\\u00e9z\\u00e9s&quot;,&quot;Szerz\\u0151d\\u00e9s hosszabb\\u00edt\\u00e1ssal kapcsolatos \\u00fcgyint\\u00e9z\\u00e9s&quot;,&quot;Megv\\u00e1s\\u00e1rolt lak\\u00e1s v\\u00e9gt\\u00f6rleszt\\u00e9se&quot;,&quot;K\\u00f6zm\\u0171\\u00e1t\\u00edr\\u00e1s\\u00e1val kapcsolatban, tulajdonosi hozz\\u00e1j\\u00e1rul\\u00e1s, tulajdonilap ig\\u00e9nyl\\u00e9se&quot;,&quot;K\\u00e1resem\\u00e9nnyel kapcsolatos, lemond\\u00f3 nyilatkozat k\\u00e9r\\u00e9se&quot;,&quot;V\\u00e9grehajt\\u00e1ssal kapcsolatos \\u00fcgyint\\u00e9z\\u00e9s&quot;,&quot;Haj\\u00f3t\\u00e1rol\\u00e1s \\u00e9s Cs\\u00f3nakh\\u00e1z haszn\\u00e1lat&quot;,&quot;Aktu\\u00e1lis p\\u00e1ly\\u00e1zatok megv\\u00e1s\\u00e1rl\\u00e1sa&quot;,&quot;Tarzan park \\u2013 aj\\u00e1nd\\u00e9k utalv\\u00e1ny v\\u00e1s\\u00e1rl\\u00e1sa&quot;,&quot;\\u00dcd\\u00fcl\\u00e9s befizet\\u00e9s&quot;,&quot;Egy\\u00e9b \\u00fcgyint\\u00e9z\\u00e9s&quot;],&quot;choicesDep&quot;:[[],[],[],[],[],[],[],[],[],[],[],[],[],[],[&quot;fieldname10&quot;]],&quot;fBuild&quot;:{}},{&quot;form_identifier&quot;:&quot;&quot;,&quot;name&quot;:&quot;fieldname10&quot;,&quot;shortlabel&quot;:&quot;&quot;,&quot;index&quot;:6,&quot;ftype&quot;:&quot;ftextarea&quot;,&quot;userhelp&quot;:&quot;&quot;,&quot;userhelpTooltip&quot;:false,&quot;csslayout&quot;:&quot;&quot;,&quot;title&quot;:&quot;Amennyiben egy\\u00e9b \\u00fcgyint\\u00e9z\\u00e9sre foglal d\\u00e1tumot k\\u00e9j\\u00fck \\u00edrja meg nek\\u00fcnk milyen \\u00fcgyben keres benn\\u00fcnket&quot;,&quot;predefined&quot;:&quot;A le\\u00edr\\u00e1s maximum 500 karakter hossz\\u00fa lehet.&quot;,&quot;predefinedClick&quot;:true,&quot;required&quot;:false,&quot;size&quot;:&quot;medium&quot;,&quot;minlength&quot;:&quot;&quot;,&quot;maxlength&quot;:&quot;500&quot;,&quot;rows&quot;:&quot;6&quot;,&quot;fBuild&quot;:{}},{&quot;form_identifier&quot;:&quot;&quot;,&quot;name&quot;:&quot;fieldname1&quot;,&quot;shortlabel&quot;:&quot;K\\u00e9rj\\u00fck v\\u00e1lasszon ki egy d\\u00e1tumot \\u00e9s egy id\\u0151pontot&quot;,&quot;index&quot;:7,&quot;ftype&quot;:&quot;fapp&quot;,&quot;userhelp&quot;:&quot;K\\u00e9rj\\u00fck v\\u00e1lasszon id\\u0151pontot.&quot;,&quot;userhelpTooltip&quot;:false,&quot;csslayout&quot;:&quot;&quot;,&quot;title&quot;:&quot;Id\\u0151pont v\\u00e1laszt\\u00e1s&quot;,&quot;services&quot;:[{&quot;name&quot;:&quot;UV Zrt. \\u00fcgyf\\u00e9lszolg\\u00e1lati \\u00fcgyint\\u00e9z\\u00e9s&quot;,&quot;price&quot;:0,&quot;capacity&quot;:&quot;1&quot;,&quot;duration&quot;:&quot;20&quot;,&quot;pb&quot;:0,&quot;pa&quot;:0,&quot;ohindex&quot;:0,&quot;idx&quot;:3}],&quot;openhours&quot;:[],&quot;allOH&quot;:[{&quot;name&quot;:&quot;Default&quot;,&quot;openhours&quot;:[{&quot;type&quot;:&quot;d1&quot;,&quot;d&quot;:&quot;&quot;,&quot;h1&quot;:&quot;13&quot;,&quot;m1&quot;:&quot;0&quot;,&quot;h2&quot;:&quot;17&quot;,&quot;m2&quot;:&quot;20&quot;},{&quot;type&quot;:&quot;d2&quot;,&quot;d&quot;:&quot;&quot;,&quot;h1&quot;:&quot;8&quot;,&quot;m1&quot;:&quot;10&quot;,&quot;h2&quot;:&quot;12&quot;,&quot;m2&quot;:&quot;0&quot;},{&quot;type&quot;:&quot;d3&quot;,&quot;d&quot;:&quot;&quot;,&quot;h1&quot;:&quot;8&quot;,&quot;m1&quot;:&quot;10&quot;,&quot;h2&quot;:&quot;16&quot;,&quot;m2&quot;:&quot;30&quot;},{&quot;type&quot;:&quot;d4&quot;,&quot;d&quot;:&quot;&quot;,&quot;h1&quot;:&quot;8&quot;,&quot;m1&quot;:&quot;10&quot;,&quot;h2&quot;:&quot;12&quot;,&quot;m2&quot;:&quot;0&quot;},{&quot;type&quot;:&quot;d5&quot;,&quot;d&quot;:&quot;&quot;,&quot;h1&quot;:&quot;8&quot;,&quot;m1&quot;:&quot;10&quot;,&quot;h2&quot;:&quot;11&quot;,&quot;m2&quot;:&quot;30&quot;}]}],&quot;dateFormat&quot;:&quot;yy-mm-dd&quot;,&quot;showDropdown&quot;:false,&quot;showTotalCost&quot;:false,&quot;showTotalCostFormat&quot;:&quot;$ {0}&quot;,&quot;showEndTime&quot;:false,&quot;showQuantity&quot;:false,&quot;usedSlotsCheckbox&quot;:true,&quot;avoidOverlaping&quot;:false,&quot;emptySelectCheckbox&quot;:false,&quot;emptySelect&quot;:&quot;-- K\\u00e9rem v\\u00e1lasszon egy szolg\\u00e1ltat\\u00e1st --&quot;,&quot;dropdownRange&quot;:&quot;-10:+10&quot;,&quot;working_dates&quot;:[false,true,true,true,true,true,false],&quot;numberOfMonths&quot;:&quot;2&quot;,&quot;maxNumberOfApp&quot;:&quot;1&quot;,&quot;firstDay&quot;:&quot;1&quot;,&quot;minDate&quot;:&quot;+8h&quot;,&quot;maxDate&quot;:&quot; \\&quot;+2w\\&quot;&quot;,&quot;defaultDate&quot;:&quot;&quot;,&quot;invalidDates&quot;:&quot;&quot;,&quot;tmpinvalidDates&quot;:&quot;&quot;,&quot;required&quot;:true,&quot;bSlotsCheckbox&quot;:true,&quot;bSlots&quot;:30,&quot;militaryTime&quot;:1,&quot;autonum&quot;:16,&quot;fBuild&quot;:{},&quot;special_days&quot;:[],&quot;minDateTmp&quot;:0,&quot;getMinDate&quot;:{},&quot;tmpinvalidDatestime&quot;:[]},{&quot;form_identifier&quot;:&quot;&quot;,&quot;name&quot;:&quot;fieldname9&quot;,&quot;shortlabel&quot;:&quot;&quot;,&quot;index&quot;:8,&quot;ftype&quot;:&quot;facceptance&quot;,&quot;userhelp&quot;:&quot;&quot;,&quot;userhelpTooltip&quot;:false,&quot;csslayout&quot;:&quot;&quot;,&quot;title&quot;:&quot;Adatv\\u00e9delmi t\\u00e1j\\u00e9koztat\\u00f3ban foglaltakat meg\\u00e9rtettem \\u00e9s elfogadom!&quot;,&quot;value&quot;:&quot;Elfogadom&quot;,&quot;url&quot;:&quot;https:\\\/\\\/uvzrt.hu\\\/wp-content\\\/uploads\\\/2022\\\/12\\\/Adatkezelesi-tajekoztato-weboldal-v2.pdf&quot;,&quot;message&quot;:&quot;&quot;,&quot;required&quot;:true,&quot;fBuild&quot;:{}}],[{&quot;title&quot;:&quot;UV Zrt. id\\u0151pont foglal\\u00e1si fel\\u00fclete&quot;,&quot;description&quot;:&quot;Ezen a fel\\u00fcleten tud id\\u0151pontot foglalni \\u00fcgyf\\u00e9lszolg\\u00e1latunkra.&quot;,&quot;formlayout&quot;:&quot;top_aligned&quot;,&quot;formtemplate&quot;:&quot;cp_cff_elegant&quot;,&quot;evalequations&quot;:1,&quot;autocomplete&quot;:1}]]\" \/><input type=\"hidden\" name=\"refpage_1\" id=\"refpage_1\" value=\"\"><input type=\"hidden\" name=\"cp_appbooking_pform_status\" value=\"0\" \/><input name=\"anonce\" type=\"hidden\" value=\"f10f548812\"\/><div id=\"fbuilder\">    \r\n    <div id=\"fbuilder_1\">\r\n        <div id=\"formheader_1\"><\/div>\r\n        <div id=\"fieldlist_1\"><\/div>\r\n    <\/div>\r\n<\/div>    \r\n<div style=\"display:none\">\r\n<div id=\"cpcaptchalayer_1\" class=\"cpcaptchalayer\">\r\n <div class=\"fields\" id=\"field-c0\" style=\"display:none\">\r\n    <label><\/label>\r\n    <div class=\"dfield\"><!--addons-payment-options--><\/div>\r\n    <div class=\"clearer\"><\/div>\r\n <\/div><!--addons-payment-fields-->\r\n  Security Code:<br \/>\r\n  <img decoding=\"async\" src=\"https:\/\/uvzrt.hu\/?cp_appbooking_captcha=captcha&ps=_1&inAdmin=1&width=180&height=60&letter_count=5&min_size=35&max_size=40&noise=130&noiselength=4&bcolor=ffffff&border=000000&font=font1\"  id=\"captchaimg_1\" alt=\"security code\" border=\"0\" class=\"skip-lazy\" \/>\r\n  <br \/>Please enter the security code:<br \/>\r\n  <div class=\"dfield\"><input type=\"text\" size=\"20\" name=\"hdcaptcha_cp_appbooking_post\" id=\"hdcaptcha_cp_appbooking_post_1\" value=\"\" autocomplete=\"off\" \/>\r\n  <div class=\"cpefb_error message\" id=\"hdcaptcha_error_1\" generated=\"true\" style=\"display:none;position: absolute; left: 0px; top: 25px;\">K\u00e9rem adjon meg egy \u00e9rv\u00e9nyes captcha k\u00f3dot!<\/div>\r\n  <\/div><br \/>\r\n<!-- rcadon -->\r\n<\/div>\r\n<\/div>\r\n<div id=\"cp_subbtn_1\" class=\"cp_subbtn\">Elk\u00fcld<\/div>\r\n<div style=\"clear:both;\"><\/div>\r\n<input type=\"hidden\" name=\"cpapphb0a71d\" value=\"\"><\/form>\r\n\n<div id=\"_tcx-ima7mhrkthp\" class=\"_tc_offscreeneded\"><\/div>\n","protected":false},"excerpt":{"rendered":"","protected":false},"author":1,"featured_media":0,"parent":0,"menu_order":0,"comment_status":"closed","ping_status":"closed","template":"","meta":{"footnotes":""},"class_list":["post-741","page","type-page","status-publish","hentry"],"_links":{"self":[{"href":"https:\/\/uvzrt.hu\/index.php\/wp-json\/wp\/v2\/pages\/741","targetHints":{"allow":["GET"]}}],"collection":[{"href":"https:\/\/uvzrt.hu\/index.php\/wp-json\/wp\/v2\/pages"}],"about":[{"href":"https:\/\/uvzrt.hu\/index.php\/wp-json\/wp\/v2\/types\/page"}],"author":[{"embeddable":true,"href":"https:\/\/uvzrt.hu\/index.php\/wp-json\/wp\/v2\/users\/1"}],"replies":[{"embeddable":true,"href":"https:\/\/uvzrt.hu\/index.php\/wp-json\/wp\/v2\/comments?post=741"}],"version-history":[{"count":3,"href":"https:\/\/uvzrt.hu\/index.php\/wp-json\/wp\/v2\/pages\/741\/revisions"}],"predecessor-version":[{"id":1841,"href":"https:\/\/uvzrt.hu\/index.php\/wp-json\/wp\/v2\/pages\/741\/revisions\/1841"}],"wp:attachment":[{"href":"https:\/\/uvzrt.hu\/index.php\/wp-json\/wp\/v2\/media?parent=741"}],"curies":[{"name":"wp","href":"https:\/\/api.w.org\/{rel}","templated":true}]}}