{"id":326,"date":"2020-08-24T06:31:16","date_gmt":"2020-08-24T06:31:16","guid":{"rendered":"http:\/\/uvzrt.hu\/?page_id=326"},"modified":"2021-03-31T07:30:48","modified_gmt":"2021-03-31T07:30:48","slug":"letoltheto-dokumentumok","status":"publish","type":"page","link":"https:\/\/uvzrt.hu\/index.php\/letoltheto-dokumentumok\/","title":{"rendered":"Let\u00f6lthet\u0151 dokumentumok"},"content":{"rendered":"<div id=\"wppb-builder-container\" class=\"wppb-builder-container\">                <div  class=\"wppb-row-parent  wppb-row-1598261506752 \"  >\n\t\t\t\t\t\n\t\t\t\t\t\t\t\t\t\t\n\t\t\t\t\t\t\t\t\t\t\n\t\t\t\t\t<div class=\"wppb-container \">\n\t\t\t\t\t\t\t\t\t\t\t\t\t\n                        <div class=\"wppb-row\">\n\t\t\t\t\t\t\t                                    <div  class=\"wppb-column-parent wppb-column-parent-view wppb-col-1598261506873  \"  >\n                                        <div class=\"wppb-column\">\n\t\t\t\t\t\n\t\t\t\t\t\t\t\t\t\t\t\n                                            <div class=\"wppb-builder-addons\">\n\t\t\t\t\t\t\t\t\t\t\t\t                                            <\/div>\n                                        <\/div>\n                                    <\/div>\n\t\t\t\t\t\t\t\t\t                                    <div  class=\"wppb-column-parent wppb-column-parent-view wppb-col-1598261506753  \"  >\n                                        <div class=\"wppb-column\">\n\t\t\t\t\t\n\t\t\t\t\t\t\t\t\t\t\t\n                                            <div class=\"wppb-builder-addons\">\n\t\t\t\t\t\t\t\t\t\t\t\t<div class='wppb-builder-addon wppb-addon-1598261506754'  data-addon-id='1598261506754'><div class='wppb-addon'><div class=\"wppb-feature-box-addon\"><div class=\"wppb-feature-box-content\"><\/div><\/div><\/div><\/div>                                            <\/div>\n                                        <\/div>\n                                    <\/div>\n\t\t\t\t\t\t\t\t\t                        <\/div>\n\n                    <\/div>\n                <\/div>\n\t\t\t\t                <div  class=\"wppb-row-parent  wppb-row-1603702854062 \"  >\n\t\t\t\t\t\n\t\t\t\t\t\t\t\t\t\t\n\t\t\t\t\t\t\t\t\t\t\n\t\t\t\t\t<div class=\"wppb-container \">\n\t\t\t\t\t\t\t\t\t\t\t\t\t\n                        <div class=\"wppb-row\">\n\t\t\t\t\t\t\t                                    <div  class=\"wppb-column-parent wppb-column-parent-view wppb-col-1603702854061  \"  >\n                                        <div class=\"wppb-column\">\n\t\t\t\t\t\n\t\t\t\t\t\t\t\t\t\t\t\n                                            <div class=\"wppb-builder-addons\">\n\t\t\t\t\t\t\t\t\t\t\t\t                                            <\/div>\n                                        <\/div>\n                                    <\/div>\n\t\t\t\t\t\t\t\t\t                        <\/div>\n\n                    <\/div>\n                <\/div>\n\t\t\t\t                <div  class=\"wppb-row-parent  wppb-row-1603698998348 \"  >\n\t\t\t\t\t\n\t\t\t\t\t\t\t\t\t\t\n\t\t\t\t\t\t\t\t\t\t\n\t\t\t\t\t<div class=\"wppb-container \">\n\t\t\t\t\t\t\t\t\t\t\t\t\t\n                        <div class=\"wppb-row\">\n\t\t\t\t\t\t\t                                    <div  class=\"wppb-column-parent wppb-column-parent-view wppb-col-1603698998349  \"  >\n                                        <div class=\"wppb-column\">\n\t\t\t\t\t\n\t\t\t\t\t\t\t\t\t\t\t\n                                            <div class=\"wppb-builder-addons\">\n\t\t\t\t\t\t\t\t\t\t\t\t<div class='wppb-builder-addon wppb-addon-1603698998350'  data-addon-id='1603698998350'><div class='wppb-addon'><div class=\"wppb-headline-addon\"><div class=\"wppb-headline-content\"><h2 class=\"wppb-addon-title\">Let\u00f6lthet\u0151 dokumentumok<\/h2><\/div><\/div><\/div><\/div><div class='wppb-builder-addon wppb-addon-1603702853958'  data-addon-id='1603702853958'><div class='wppb-addon'><div class=\"wppb-headline-addon\"><div class=\"wppb-headline-content\"><h2 class=\"wppb-addon-title\">\t\t\n\nTisztelt \u00dcgyfeleink!<\/Br>\n\nA let\u00f6lthet\u0151 pdf-nyomtatv\u00e1nyok adattartalma digit\u00e1lisan is kit\u00f6lthet\u0151ek.<\/Br>\nA kit\u00f6lt\u00f6tt adatlapokat kiz\u00e1r\u00f3lag a sz\u00fcks\u00e9ges mell\u00e9kleteik csatol\u00e1s\u00e1val egy\u00fctt tudjuk elfogadni.<\/Br> A nyomtatv\u00e1nyokat \u00e9s mell\u00e9kleteiket szem\u00e9lyesen leadhatj\u00e1k az UV Zrt. recepci\u00f3j\u00e1n, vagy elk\u00fcldhetik az info@uvzrt.hu e-mail c\u00edmre.<\/h2><\/div><\/div><\/div><\/div><div class='wppb-builder-addon wppb-addon-1603702852913'  data-addon-id='1603702852913'><div class='wppb-addon'><div class=\"wppb-headline-addon\"><div class=\"wppb-headline-content\"><h2 class=\"wppb-addon-title\"><\/h2><\/div><\/div><\/div><\/div><div class='wppb-builder-addon wppb-addon-1603702853829'  data-addon-id='1603702853829'><div class='wppb-addon'><div class=\"wppb-headline-addon\"><div class=\"wppb-headline-content\"><h2 class=\"wppb-addon-title\">\nBejelent\u00e9sek\n<\/h2><\/div><\/div><\/div><\/div><div class='wppb-builder-addon wppb-addon-1603698998351'  data-addon-id='1603698998351'><div class='wppb-addon'><div class=\"wppb-price-list-addon\"><div class=\"wppb-price-list-addon-content\"><div class=\"wppb-price-list-item repeater-0\"><div class=\"wppb-price-list-wrap wppb-price-align-left wppb-price-list-with_right\"><div class=\"wppb-price-list-media wppb-price-list-icon\"><i class=\"far fa-file-pdf\"><\/i><\/div><div class=\"wppb-price-list-content\"><div class=\"wppb-price-list-head\"><span class=\"wppb-price-list-title\"><a rel=nofolow href=\"https:\/\/uvzrt.hu\/wp-content\/uploads\/2021\/03\/hibabejelentes_gdpr1.pdf\" target=_self>M\u0171szaki hiba bejelent\u00e9s\u00e9re szolg\u00e1l\u00f3 adatlap<\/a><\/span><span class=\"wppb-pricelist-price-content\"><\/span><\/div><\/div><\/div><\/div><\/div><\/div><\/div><\/div><div class='wppb-builder-addon wppb-addon-1603702853795'  data-addon-id='1603702853795'><div class='wppb-addon'><div class=\"wppb-headline-addon\"><div class=\"wppb-headline-content\"><h2 class=\"wppb-addon-title\">\n<\/h2><\/div><\/div><\/div><\/div><div class='wppb-builder-addon wppb-addon-1603702853804'  data-addon-id='1603702853804'><div class='wppb-addon'><div class=\"wppb-headline-addon\"><div class=\"wppb-headline-content\"><h2 class=\"wppb-addon-title\">K\u00e9relmek\n<\/h2><\/div><\/div><\/div><\/div><div class='wppb-builder-addon wppb-addon-1603702853790'  data-addon-id='1603702853790'><div class='wppb-addon'><div class=\"wppb-price-list-addon\"><div class=\"wppb-price-list-addon-content\"><div class=\"wppb-price-list-item repeater-0\"><div class=\"wppb-price-list-wrap wppb-price-align-left wppb-price-list-with_right\"><div class=\"wppb-price-list-media wppb-price-list-icon\"><i class=\"far fa-file-pdf\"><\/i><\/div><div class=\"wppb-price-list-content\"><div class=\"wppb-price-list-head\"><span class=\"wppb-price-list-title\"><a rel=nofolow href=\"https:\/\/uvzrt.hu\/wp-content\/uploads\/2021\/03\/ceg_meltanyossagi.pdf\" target=_self>Fizet\u00e9si m\u00e9lt\u00e1nyoss\u00e1gi k\u00e9relem c\u00e9gek r\u00e9sz\u00e9re<\/a><\/span><span class=\"wppb-pricelist-price-content\"><\/span><\/div><\/div><\/div><\/div><div class=\"wppb-price-list-item repeater-1\"><div class=\"wppb-price-list-wrap wppb-price-align-left wppb-price-list-with_right\"><div class=\"wppb-price-list-media wppb-price-list-icon\"><i class=\"far fa-file-pdf\"><\/i><\/div><div class=\"wppb-price-list-content\"><div class=\"wppb-price-list-head\"><span class=\"wppb-price-list-title\"><a rel=nofolow href=\"https:\/\/uvzrt.hu\/wp-content\/uploads\/2021\/03\/mag_meltanyossagi.pdf\" target=_self>Fizet\u00e9si m\u00e9lt\u00e1nyoss\u00e1gi k\u00e9relem mag\u00e1nszem\u00e9lyek r\u00e9sz\u00e9re<\/a><\/span><span class=\"wppb-pricelist-price-content\"><\/span><\/div><\/div><\/div><\/div><div class=\"wppb-price-list-item repeater-2\"><div class=\"wppb-price-list-wrap wppb-price-align-left wppb-price-list-with_right\"><div class=\"wppb-price-list-media wppb-price-list-icon\"><i class=\"far fa-file-pdf\"><\/i><\/div><div class=\"wppb-price-list-content\"><div class=\"wppb-price-list-head\"><span class=\"wppb-price-list-title\"><a rel=nofolow href=\"https:\/\/uvzrt.hu\/wp-content\/uploads\/2022\/04\/kerelem_piaci_hossz_gdpr.pdf\" target=_self>Piaci lak\u00e1s szerz\u0151d\u00e9shosszabb\u00edt\u00e1s\u00e1ra szolg\u00e1l\u00f3 adatlap<\/a><\/span><span class=\"wppb-pricelist-price-content\"><\/span><\/div><\/div><\/div><\/div><div class=\"wppb-price-list-item repeater-3\"><div class=\"wppb-price-list-wrap wppb-price-align-left wppb-price-list-with_right\"><div class=\"wppb-price-list-media wppb-price-list-icon\"><i class=\"far fa-file-pdf\"><\/i><\/div><div class=\"wppb-price-list-content\"><div class=\"wppb-price-list-head\"><span class=\"wppb-price-list-title\"><a rel=nofolow href=\"https:\/\/uvzrt.hu\/wp-content\/uploads\/2022\/04\/szerzodeshosszabbitas_cegeknek_nemlakas_gdpr.pdf\" target=_self>Szerz\u0151d\u00e9shosszabb\u00edt\u00e1si k\u00e9relem c\u00e9gek r\u00e9sz\u00e9re nemlak\u00e1s b\u00e9rlem\u00e9nyek eset\u00e9ben<\/a><\/span><span class=\"wppb-pricelist-price-content\"><\/span><\/div><\/div><\/div><\/div><div class=\"wppb-price-list-item repeater-4\"><div class=\"wppb-price-list-wrap wppb-price-align-left wppb-price-list-with_right\"><div class=\"wppb-price-list-media wppb-price-list-icon\"><i class=\"far fa-file-pdf\"><\/i><\/div><div class=\"wppb-price-list-content\"><div class=\"wppb-price-list-head\"><span class=\"wppb-price-list-title\"><a rel=nofolow href=\"https:\/\/uvzrt.hu\/wp-content\/uploads\/2022\/04\/szerzodeshosszabbitas_magan_nemlakas_gdpr.pdf\" target=_self>Szerz\u0151d\u00e9shosszabb\u00edt\u00e1si k\u00e9relem mag\u00e1nszem\u00e9lyek r\u00e9sz\u00e9re nemlak\u00e1s b\u00e9rlem\u00e9nyek eset\u00e9ben<\/a><\/span><span class=\"wppb-pricelist-price-content\"><\/span><\/div><\/div><\/div><\/div><div class=\"wppb-price-list-item repeater-5\"><div class=\"wppb-price-list-wrap wppb-price-align-left wppb-price-list-with_right\"><div class=\"wppb-price-list-media wppb-price-list-icon\"><i class=\"far fa-file-pdf\"><\/i><\/div><div class=\"wppb-price-list-content\"><div class=\"wppb-price-list-head\"><span class=\"wppb-price-list-title\"><a rel=nofolow href=\"https:\/\/uvzrt.hu\/wp-content\/uploads\/2023\/07\/szerzodeshosszabbitas_PiacVasarcsarnok_gdpr-2.pdf\" target=_self>Szerz\u0151d\u00e9shosszabb\u00edt\u00e1si k\u00e9relem a Piac \u00e9s V\u00e1s\u00e1rcsarnok  b\u00e9rlem\u00e9nyeinek eset\u00e9ben<\/a><\/span><span class=\"wppb-pricelist-price-content\"><\/span><\/div><\/div><\/div><\/div><div class=\"wppb-price-list-item repeater-6\"><div class=\"wppb-price-list-wrap wppb-price-align-left wppb-price-list-with_right\"><div class=\"wppb-price-list-media wppb-price-list-icon\"><i class=\"far fa-file-pdf\"><\/i><\/div><div class=\"wppb-price-list-content\"><div class=\"wppb-price-list-head\"><span class=\"wppb-price-list-title\"><a rel=nofolow href=\"https:\/\/uvzrt.hu\/wp-content\/uploads\/2021\/03\/kerelem_vizatalany_gdpr.pdf\" target=_self>V\u00edz\u00e1tal\u00e1ny j\u00f3v\u00e1\u00edr\u00e1s<\/a><\/span><span class=\"wppb-pricelist-price-content\"><\/span><\/div><\/div><\/div><\/div><div class=\"wppb-price-list-item repeater-7\"><div class=\"wppb-price-list-wrap wppb-price-align-left wppb-price-list-with_right\"><div class=\"wppb-price-list-media wppb-price-list-icon\"><i class=\"far fa-file-pdf\"><\/i><\/div><div class=\"wppb-price-list-content\"><div class=\"wppb-price-list-head\"><span class=\"wppb-price-list-title\"><a rel=nofolow href=\"https:\/\/uvzrt.hu\/wp-content\/uploads\/2025\/11\/parkolas_cegeknek_gdpr26.pdf\" target=_self>Szent Istv\u00e1n t\u00e9ri parkol\u00f3 haszn\u00e1lati enged\u00e9ly c\u00e9gek r\u00e9sz\u00e9re <\/a><\/span><span class=\"wppb-pricelist-price-content\"><\/span><\/div><\/div><\/div><\/div><div class=\"wppb-price-list-item repeater-8\"><div class=\"wppb-price-list-wrap wppb-price-align-left wppb-price-list-with_right\"><div class=\"wppb-price-list-media wppb-price-list-icon\"><i class=\"far fa-file-pdf\"><\/i><\/div><div class=\"wppb-price-list-content\"><div class=\"wppb-price-list-head\"><span class=\"wppb-price-list-title\"><a rel=nofolow href=\"https:\/\/uvzrt.hu\/wp-content\/uploads\/2025\/11\/parkolas_lakossag_gdpr26.pdf\" target=_self>Szent Istv\u00e1n t\u00e9ri parkol\u00f3 haszn\u00e1lati enged\u00e9ly mag\u00e1nszem\u00e9lyek r\u00e9sz\u00e9re <\/a><\/span><span class=\"wppb-pricelist-price-content\"><\/span><\/div><\/div><\/div><\/div><\/div><\/div><\/div><\/div><div class='wppb-builder-addon wppb-addon-1603702853341'  data-addon-id='1603702853341'><div class='wppb-addon'><div class=\"wppb-price-list-addon\"><div class=\"wppb-price-list-addon-content\"><\/div><\/div><\/div><\/div><div class='wppb-builder-addon wppb-addon-1603702853344'  data-addon-id='1603702853344'><div class='wppb-addon'><div class=\"wppb-headline-addon\"><div class=\"wppb-headline-content\"><h2 class=\"wppb-addon-title\">\nNyilatkozatok<\/h2><\/div><\/div><\/div><\/div><div class='wppb-builder-addon wppb-addon-1603702853776'  data-addon-id='1603702853776'><div class='wppb-addon'><div class=\"wppb-price-list-addon\"><div class=\"wppb-price-list-addon-content\"><div class=\"wppb-price-list-item repeater-0\"><div class=\"wppb-price-list-wrap wppb-price-align-left wppb-price-list-with_right\"><div class=\"wppb-price-list-media wppb-price-list-icon\"><i class=\"far fa-file-pdf\"><\/i><\/div><div class=\"wppb-price-list-content\"><div class=\"wppb-price-list-head\"><span class=\"wppb-price-list-title\"><a rel=nofolow href=\"https:\/\/uvzrt.hu\/wp-content\/uploads\/2022\/01\/berbeveteli_lakasnyilatkozat22.pdf\" target=_self>Lak\u00f3ingatlan b\u00e9rbev\u00e9tel\u00e9re szolg\u00e1l\u00f3 sz\u00e1nd\u00e9knyilatkozat<\/a><\/span><span class=\"wppb-pricelist-price-content\"><\/span><\/div><\/div><\/div><\/div><div class=\"wppb-price-list-item repeater-1\"><div class=\"wppb-price-list-wrap wppb-price-align-left wppb-price-list-with_right\"><div class=\"wppb-price-list-media wppb-price-list-icon\"><i class=\"far fa-file-pdf\"><\/i><\/div><div class=\"wppb-price-list-content\"><div class=\"wppb-price-list-head\"><span class=\"wppb-price-list-title\"><a rel=nofolow href=\"https:\/\/uvzrt.hu\/wp-content\/uploads\/2025\/08\/berbeveteli_garazsnyilatkozat-2.pdf\" target=_self>Gar\u00e1zs b\u00e9rbev\u00e9tel\u00e9re szolg\u00e1l\u00f3 sz\u00e1nd\u00e9knyilatkozat<\/a><\/span><span class=\"wppb-pricelist-price-content\"><\/span><\/div><\/div><\/div><\/div><div class=\"wppb-price-list-item repeater-2\"><div class=\"wppb-price-list-wrap wppb-price-align-left wppb-price-list-with_right\"><div class=\"wppb-price-list-media wppb-price-list-icon\"><i class=\"far fa-file-pdf\"><\/i><\/div><div class=\"wppb-price-list-content\"><div class=\"wppb-price-list-head\"><span class=\"wppb-price-list-title\"><a rel=nofolow href=\"https:\/\/uvzrt.hu\/wp-content\/uploads\/2022\/04\/vizora_felszereles_reszletfizetes_keres_gdpr.pdf\" target=_self>V\u00edz\u00f3ra-felszerel\u00e9s r\u00e9szletfizet\u00e9s\u00e9re szolg\u00e1l\u00f3 sz\u00e1nd\u00e9knyilatkozat<\/a><\/span><span class=\"wppb-pricelist-price-content\"><\/span><\/div><\/div><\/div><\/div><div class=\"wppb-price-list-item repeater-3\"><div class=\"wppb-price-list-wrap wppb-price-align-left wppb-price-list-with_right\"><div class=\"wppb-price-list-media wppb-price-list-icon\"><i class=\"far fa-file-pdf\"><\/i><\/div><div class=\"wppb-price-list-content\"><div class=\"wppb-price-list-head\"><span class=\"wppb-price-list-title\"><a rel=nofolow href=\"https:\/\/uvzrt.hu\/wp-content\/uploads\/2025\/01\/Fizetesi-mod-es-Eszla.-nyilatkozat_CEG.pdf\" target=_self>Fizet\u00e9si m\u00f3d \u00e9s e-sz\u00e1mla nyilatkozat c\u00e9gek r\u00e9sz\u00e9re<\/a><\/span><span class=\"wppb-pricelist-price-content\"><\/span><\/div><\/div><\/div><\/div><div class=\"wppb-price-list-item repeater-4\"><div class=\"wppb-price-list-wrap wppb-price-align-left wppb-price-list-with_right\"><div class=\"wppb-price-list-media wppb-price-list-icon\"><i class=\"far fa-file-pdf\"><\/i><\/div><div class=\"wppb-price-list-content\"><div class=\"wppb-price-list-head\"><span class=\"wppb-price-list-title\"><a rel=nofolow href=\"https:\/\/uvzrt.hu\/wp-content\/uploads\/2025\/01\/Fizetesi-mod-es-Eszla.-nyilatkozat_EV-1.pdf\" target=_self>Fizet\u00e9si m\u00f3d  \u00e9s e-sz\u00e1mla nyilatkozat egy\u00e9ni v\u00e1llalkoz\u00f3k r\u00e9sz\u00e9re<\/a><\/span><span class=\"wppb-pricelist-price-content\"><\/span><\/div><\/div><\/div><\/div><div class=\"wppb-price-list-item repeater-5\"><div class=\"wppb-price-list-wrap wppb-price-align-left wppb-price-list-with_right\"><div class=\"wppb-price-list-media wppb-price-list-icon\"><i class=\"far fa-file-pdf\"><\/i><\/div><div class=\"wppb-price-list-content\"><div class=\"wppb-price-list-head\"><span class=\"wppb-price-list-title\"><a rel=nofolow href=\"https:\/\/uvzrt.hu\/wp-content\/uploads\/2025\/01\/Fizetesi-mod-es-Eszla.-nyilatkozat_MAGAN.pdf\" target=_self>Fizet\u00e9si m\u00f3d  \u00e9s e-sz\u00e1mla nyilatkozat mag\u00e1nszem\u00e9lyek r\u00e9sz\u00e9re<\/a><\/span><span class=\"wppb-pricelist-price-content\"><\/span><\/div><\/div><\/div><\/div><\/div><\/div><\/div><\/div><div class='wppb-builder-addon wppb-addon-1603702853358'  data-addon-id='1603702853358'><div class='wppb-addon'><div class=\"wppb-price-list-addon\"><div class=\"wppb-price-list-addon-content\"><\/div><\/div><\/div><\/div><div class='wppb-builder-addon wppb-addon-1603702853361'  data-addon-id='1603702853361'><div class='wppb-addon'><div class=\"wppb-headline-addon\"><div class=\"wppb-headline-content\"><h2 class=\"wppb-addon-title\">Meghatalmaz\u00e1sok<\/h2><\/div><\/div><\/div><\/div><div class='wppb-builder-addon wppb-addon-1603702853783'  data-addon-id='1603702853783'><div class='wppb-addon'><div class=\"wppb-price-list-addon\"><div class=\"wppb-price-list-addon-content\"><div class=\"wppb-price-list-item repeater-0\"><div class=\"wppb-price-list-wrap wppb-price-align-left wppb-price-list-with_right\"><div class=\"wppb-price-list-media wppb-price-list-icon\"><i class=\"far fa-file-pdf\"><\/i><\/div><div class=\"wppb-price-list-content\"><div class=\"wppb-price-list-head\"><span class=\"wppb-price-list-title\"><a rel=nofolow href=\"https:\/\/uvzrt.hu\/wp-content\/uploads\/2021\/03\/meghatalmazas_magan_lakas_gdpr.pdf\" target=_self>Meghatalmaz\u00e1s mag\u00e1nszem\u00e9lyek r\u00e9sz\u00e9re lak\u00e1sok eset\u00e9ben<\/a><\/span><span class=\"wppb-pricelist-price-content\"><\/span><\/div><\/div><\/div><\/div><div class=\"wppb-price-list-item repeater-1\"><div class=\"wppb-price-list-wrap wppb-price-align-left wppb-price-list-with_right\"><div class=\"wppb-price-list-media wppb-price-list-icon\"><i class=\"far fa-file-pdf\"><\/i><\/div><div class=\"wppb-price-list-content\"><div class=\"wppb-price-list-head\"><span class=\"wppb-price-list-title\"><a rel=nofolow href=\"https:\/\/uvzrt.hu\/wp-content\/uploads\/2021\/03\/meghatalmazas_magan_nemlakas_gdpr.pdf\" target=_self>Meghatalmaz\u00e1s mag\u00e1nszem\u00e9lyek r\u00e9sz\u00e9re nemlak\u00e1sok eset\u00e9ben<\/a><\/span><span class=\"wppb-pricelist-price-content\"><\/span><\/div><\/div><\/div><\/div><div class=\"wppb-price-list-item repeater-2\"><div class=\"wppb-price-list-wrap wppb-price-align-left wppb-price-list-with_right\"><div class=\"wppb-price-list-media wppb-price-list-icon\"><i class=\"far fa-file-pdf\"><\/i><\/div><div class=\"wppb-price-list-content\"><div class=\"wppb-price-list-head\"><span class=\"wppb-price-list-title\"><a  href=\"https:\/\/uvzrt.hu\/wp-content\/uploads\/2021\/03\/meghatalmazas_ceg_gdpr.pdf\" target=_blank>Meghatalmaz\u00e1s c\u00e9gek r\u00e9sz\u00e9re<\/a><\/span><span class=\"wppb-pricelist-price-content\"><\/span><\/div><\/div><\/div><\/div><\/div><\/div><\/div><\/div><div class='wppb-builder-addon wppb-addon-1732524512915'  data-addon-id='1732524512915'><div class='wppb-addon'><div class=\"wppb-headline-addon\"><div class=\"wppb-headline-content\"><h2 class=\"wppb-addon-title\">T\u00e1j\u00e9koztat\u00f3k<\/h2><\/div><\/div><\/div><\/div><div class='wppb-builder-addon wppb-addon-1732524512944'  data-addon-id='1732524512944'><div class='wppb-addon'><div class=\"wppb-price-list-addon\"><div class=\"wppb-price-list-addon-content\"><div class=\"wppb-price-list-item repeater-0\"><div class=\"wppb-price-list-wrap wppb-price-align-left wppb-price-list-with_right\"><div class=\"wppb-price-list-media wppb-price-list-icon\"><i class=\"far fa-file-pdf\"><\/i><\/div><div class=\"wppb-price-list-content\"><div class=\"wppb-price-list-head\"><span class=\"wppb-price-list-title\"><a rel=nofolow href=\"https:\/\/uvzrt.hu\/wp-content\/uploads\/2025\/09\/Vegtorlesztes_ugymenet_250917.pdf\" target=_blank>T\u00e1j\u00e9koztat\u00f3 a megv\u00e1s\u00e1rolt lak\u00e1s egy\u00f6sszeg\u0171 v\u00e9gt\u00f6rleszt\u00e9s\u00e9r\u0151l<\/a><\/span><span class=\"wppb-pricelist-price-content\"><\/span><\/div><\/div><\/div><\/div><div class=\"wppb-price-list-item repeater-1\"><div class=\"wppb-price-list-wrap wppb-price-align-left wppb-price-list-with_right\"><div class=\"wppb-price-list-media wppb-price-list-icon\"><i class=\"far fa-file-pdf\"><\/i><\/div><div class=\"wppb-price-list-content\"><div class=\"wppb-price-list-head\"><span class=\"wppb-price-list-title\"><a rel=nofolow href=\"https:\/\/uvzrt.hu\/wp-content\/uploads\/2025\/09\/egyosszegu_urlap2.pdf\" target=_blank>Egy\u00f6sszeg\u0171 v\u00e9tel\u00e1r h\u00e1tral\u00e9k kifizet\u00e9s ir\u00e1nti k\u00e9relem<\/a><\/span><span class=\"wppb-pricelist-price-content\"><\/span><\/div><\/div><\/div><\/div><\/div><\/div><\/div><\/div><div class='wppb-builder-addon wppb-addon-1603702853370'  data-addon-id='1603702853370'><div class='wppb-addon'><div class=\"wppb-price-list-addon\"><div class=\"wppb-price-list-addon-content\"><\/div><\/div><\/div><\/div>                                            <\/div>\n                                        <\/div>\n                                    <\/div>\n\t\t\t\t\t\t\t\t\t                                    <div  class=\"wppb-column-parent wppb-column-parent-view wppb-col-1603698998352  \"  >\n                                        <div class=\"wppb-column\">\n\t\t\t\t\t\n\t\t\t\t\t\t\t\t\t\t\t\n                                            <div class=\"wppb-builder-addons\">\n\t\t\t\t\t\t\t\t\t\t\t\t<div class='wppb-builder-addon wppb-addon-1606744980977'  data-addon-id='1606744980977'><div class='wppb-addon'><div class=\"wppb-text-block-addon\"><div class=\"wppb-text-block-content 0\"><p><img loading=\"lazy\" decoding=\"async\" class=\"alignnone wp-image-409\" src=\"https:\/\/uvzrt.hu\/wp-content\/uploads\/2020\/11\/042-interface-300x300.png\" alt=\"\" width=\"144\" height=\"144\" srcset=\"https:\/\/uvzrt.hu\/wp-content\/uploads\/2020\/11\/042-interface-300x300.png 300w, https:\/\/uvzrt.hu\/wp-content\/uploads\/2020\/11\/042-interface-150x150.png 150w, https:\/\/uvzrt.hu\/wp-content\/uploads\/2020\/11\/042-interface.png 512w\" sizes=\"auto, (max-width: 144px) 100vw, 144px\" \/><\/p><\/div><\/div><\/div><\/div>                                            <\/div>\n                                        <\/div>\n                                    <\/div>\n\t\t\t\t\t\t\t\t\t                        <\/div>\n\n                    <\/div>\n                <\/div>\n\t\t\t\t<\/div>","protected":false},"excerpt":{"rendered":"<p>Let\u00f6lthet\u0151 dokumentumok Tisztelt \u00dcgyfeleink! A let\u00f6lthet\u0151 pdf-nyomtatv\u00e1nyok adattartalma digit\u00e1lisan is kit\u00f6lthet\u0151ek. A kit\u00f6lt\u00f6tt adatlapokat kiz\u00e1r\u00f3lag a sz\u00fcks\u00e9ges mell\u00e9kleteik csatol\u00e1s\u00e1val egy\u00fctt tudjuk elfogadni. A nyomtatv\u00e1nyokat \u00e9s mell\u00e9kleteiket szem\u00e9lyesen leadhatj\u00e1k az UV Zrt. recepci\u00f3j\u00e1n, vagy elk\u00fcldhetik az info@uvzrt.hu e-mail c\u00edmre. Bejelent\u00e9sek M\u0171szaki hiba bejelent\u00e9s\u00e9re szolg\u00e1l\u00f3 adatlap K\u00e9relmek Fizet\u00e9si m\u00e9lt\u00e1nyoss\u00e1gi k\u00e9relem c\u00e9gek r\u00e9sz\u00e9reFizet\u00e9si m\u00e9lt\u00e1nyoss\u00e1gi k\u00e9relem mag\u00e1nszem\u00e9lyek r\u00e9sz\u00e9rePiaci lak\u00e1s [&hellip;]<\/p>\n","protected":false},"author":1,"featured_media":0,"parent":0,"menu_order":0,"comment_status":"closed","ping_status":"closed","template":"","meta":{"footnotes":""},"class_list":["post-326","page","type-page","status-publish","hentry"],"_links":{"self":[{"href":"https:\/\/uvzrt.hu\/index.php\/wp-json\/wp\/v2\/pages\/326","targetHints":{"allow":["GET"]}}],"collection":[{"href":"https:\/\/uvzrt.hu\/index.php\/wp-json\/wp\/v2\/pages"}],"about":[{"href":"https:\/\/uvzrt.hu\/index.php\/wp-json\/wp\/v2\/types\/page"}],"author":[{"embeddable":true,"href":"https:\/\/uvzrt.hu\/index.php\/wp-json\/wp\/v2\/users\/1"}],"replies":[{"embeddable":true,"href":"https:\/\/uvzrt.hu\/index.php\/wp-json\/wp\/v2\/comments?post=326"}],"version-history":[{"count":1,"href":"https:\/\/uvzrt.hu\/index.php\/wp-json\/wp\/v2\/pages\/326\/revisions"}],"predecessor-version":[{"id":328,"href":"https:\/\/uvzrt.hu\/index.php\/wp-json\/wp\/v2\/pages\/326\/revisions\/328"}],"wp:attachment":[{"href":"https:\/\/uvzrt.hu\/index.php\/wp-json\/wp\/v2\/media?parent=326"}],"curies":[{"name":"wp","href":"https:\/\/api.w.org\/{rel}","templated":true}]}}